{"id":229,"date":"2018-03-05T21:06:40","date_gmt":"2018-03-05T21:06:40","guid":{"rendered":"https:\/\/www.vdh.virginia.gov\/alleghany\/?page_id=229"},"modified":"2026-02-19T09:55:53","modified_gmt":"2026-02-19T14:55:53","slug":"clinic-services","status":"publish","type":"page","link":"https:\/\/www.vdh.virginia.gov\/alleghany\/clinic-services\/","title":{"rendered":"Clinic Services"},"content":{"rendered":"<p><span style=\"text-decoration: underline;\"><a href=\"#Family\">Family Planning<\/a><\/span>\u00a0|\u00a0<span style=\"text-decoration: underline;\"><a href=\"#Immunizations\">Immunizations <\/a><\/span>|\u00a0<span style=\"text-decoration: underline;\"><a href=\"#Newcomer\">Newcomer Health (Refugee) Program<\/a><\/span><br \/>\n<span style=\"text-decoration: underline;\"><a href=\"#Sexually\">Sexually Transmitted Infections<\/a><\/span>\u00a0| <span style=\"text-decoration: underline;\"><a href=\"#Tuberculosis\">Tuberculosis Management<\/a><\/span> |\u00a0<u><a href=\"#Servicios de Traducci\u00f3n\">Servicios de Traducci\u00f3n<\/a><\/u><\/p>\n<h3><strong><a id=\"#Family\"><\/a>Family Planning<\/strong><\/h3>\n<p><!DOCTYPE html>\r\n<html>\r\n<head>\r\n\t<title>HTML Button Generator<\/title>\r\n<style>\r\n\t\tbutton {\r\n\t\t\tcolor: #ffffff;\r\n\t\t\tbackground-color: #0e4c90;\r\n\t\t\tfont-size: 1.3em;\r\n\t\t\tborder-radius: 6px;\r\n\t\t\tpadding: 15px 50px;\r\n\t\t\tcursor: pointer;\r\n                      text-shadow: none;\r\n                        box-shadow: none;\r\nline-height: 1.2;\r\n\r\n\t\t}\r\n\t\tbutton:hover {\r\n\t\t\tcolor: #ffffff;\r\n\t\t\tbackground-color: #104ca5;\r\nbox-shadow: none;\r\n\t\t}\r\n\t<\/style>\r\n<\/head>\r\n<body>\r\n\t<button class=\"content-desktop\" type=\"button\" name=\"<u>Click Here to find family planning clinics in your area.<\/u>\" onclick=\"window.location.href='https:\/\/reproductivehealthservices.gov\/';\"><u>Click Here to find family planning clinics in your area.<\/u><\/button>\r\n<\/body>\r\n<\/html><\/p>\n<p>The Family Planning program provides individuals with the ability to decide if they want to have children and if so, how many and how far apart they want to space them. A broad range of effective family planning birth control methods and services are available, including contraception, gynecological exams, infertility education, natural family planning, counseling, and family planning education for adults and teens. Costs for services are based on a sliding scale and some insurance plans are accepted.<\/p>\n<table style=\"height: 71px;\" width=\"1345\">\n<tbody>\n<tr>\n<td style=\"background-color: #009560; padding-left: 20px; padding-right: 20px; text-align: center;\">\n<h3><span style=\"text-decoration: underline;\"><a href=\"https:\/\/www.vdh.virginia.gov\/roanoke\/family-planning\/\"><span style=\"color: #ffffff; text-decoration: underline;\">For More Family Planning Information Click Here<\/span><\/a><\/span><\/h3>\n<\/td>\n<\/tr>\n<\/tbody>\n<\/table>\n<h3><strong><a id=\"Immunizations\"><\/a>Immunizations<\/strong><\/h3>\n<p><img loading=\"lazy\" decoding=\"async\" class=\"wp-image-2122 alignleft\" src=\"https:\/\/www.vdh.virginia.gov\/content\/uploads\/sites\/79\/Vax-Girl-flex-488x326-1-300x200.png\" alt=\"Photo of satisfied curly haired woman raises arm shows biceps wears pink t shirt denim shirt necklace adhesive bandage on shoulder after vaccination feels good and protected encourages to vaccinate\" width=\"419\" height=\"279\" srcset=\"https:\/\/www.vdh.virginia.gov\/content\/uploads\/sites\/79\/Vax-Girl-flex-488x326-1-300x200.png 300w, https:\/\/www.vdh.virginia.gov\/content\/uploads\/sites\/79\/Vax-Girl-flex-488x326-1-272x182.png 272w, https:\/\/www.vdh.virginia.gov\/content\/uploads\/sites\/79\/Vax-Girl-flex-488x326-1.png 488w\" sizes=\"auto, (max-width: 419px) 100vw, 419px\" \/><\/p>\n<p>Many diseases that were once common are rarely seen today because of vaccines.\u00a0The immunizations program reduces the morbidity and mortality associated with 18 vaccine preventable diseases. Vaccines provide a safe way to build immunity against diseases without the risks that come with getting the actual disease.<\/p>\n<p>Vaccines are some of the most studied medical interventions in the world. The United States has many requirements that make sure vaccines are safe, effective, and high quality. Among these are extensive testing before approval and rigorous safety monitoring after approval.<\/p>\n<p>RCAHD health department locations offer all adult and childhood vaccinations, including school-required vaccinations.<\/p>\n<table style=\"height: 71px;\" width=\"1345\">\n<tbody>\n<tr>\n<td style=\"background-color: #009560; padding-left: 20px; padding-right: 20px; text-align: center;\">\n<h3><span style=\"text-decoration: underline;\"><a href=\"https:\/\/www.vdh.virginia.gov\/roanoke\/flu-immunization-clinics\/\"><span style=\"color: #ffffff; text-decoration: underline;\">Find Local RCAHD Immunization Info Here<\/span><\/a><\/span><\/h3>\n<\/td>\n<\/tr>\n<\/tbody>\n<\/table>\n<h3><strong><a id=\"Newcomer\"><\/a>Newcomer Health (Refugee) Program<\/strong><\/h3>\n<p>The Newcomer Health Program provides an initial health screening to newly arrived refugees and other qualified individuals, addresses health issues that may impact successful resettlement, and identifies and intervenes on diseases and conditions of public health concern. Within 45 days of their arrival, newcomers from around the world receive all necessary immunizations, a general health screening, a mental health screening and follow-up referrals for any issues identified. Clients are offered full family planning services and encouraged to establish a medical home in the area. The program works with all refugees sponsored by the refugee resettlement agency, Commonwealth Catholic Charities.<\/p>\n<h3><strong><a id=\"Sexually\"><\/a>Sexually Transmitted Infections\u00a0<\/strong><\/h3>\n<p>The Sexually Transmitted Infections (STIs) program aims to prevent the spread of sexually transmitted infections through education, outreach and clinical services. STI clinics offer counseling, testing, treatment, and partner referral services for patients at risk of or currently experiencing STIs. Call your local health department for a STI screening appointment.<\/p>\n<table style=\"height: 71px;\" role=\"presentation\" width=\"1345\">\n<tbody>\n<tr>\n<td style=\"background-color: #009560; padding-left: 20px; padding-right: 20px; text-align: center;\"><span style=\"text-decoration: underline;\"><a href=\"https:\/\/www.vdh.virginia.gov\/roanoke\/prep-hiv-prevention\/\" target=\"_blank\" rel=\"noopener\"><span style=\"color: #ffffff; text-decoration: underline;\"><span style=\"font-size: 18.6667px;\"><b>Learn how pre-exposure prophylaxis (PrEP) can be used to prevent HIV infections<\/b><\/span><\/span><\/a><\/span><\/td>\n<\/tr>\n<\/tbody>\n<\/table>\n<h3><strong><a id=\"Tuberculosis\"><\/a>Tuberculosis (TB) Management<\/strong><\/h3>\n<p>The TB Management program aims to control, prevent and eliminate tuberculosis in the community. The program offers free and confidential TB risk assessment screenings on Mondays by appointment only. For those diagnosed with TB or a Latent TB Infection, the TB team collaborates with a patient\u2019s medical provider to provide tuberculosis case management to include the provision of medication and care coordination. In addition, the TB team assists with identifying associated cases, the testing of contacts, transportation for CXRs and home visits to deliver medication to perform Directly Observed Therapy (DOT) and Directly Observed Preventative Therapy (DOPT).<\/p>\n<p><span style=\"font-size: 14pt;\"><strong><a id=\"Servicios de Traducci\u00f3n\"><\/a>Servicios de Traducci\u00f3n<br \/>\n<\/strong><\/span><br \/>\nAtenci\u00f3n: Si habla o lee espa\u00f1ol, usted tiene a su disposici\u00f3n servicios ling\u00fc\u00edsticos gratuitos. Llame a nuestra l\u00ednea de mensajes en espa\u00f1ol al 540-204-9998.<\/p>\n","protected":false},"excerpt":{"rendered":"<p>Family Planning\u00a0|\u00a0Immunizations |\u00a0Newcomer Health (Refugee) Program Sexually Transmitted Infections\u00a0| Tuberculosis Management |\u00a0Servicios de Traducci\u00f3n Family Planning HTML Button Generator Click Here to find family planning clinics in your area. The Family Planning program provides individuals with the ability to decide if they want to have children and if so, how many and how far apart [&hellip;]<\/p>\n","protected":false},"author":502,"featured_media":0,"parent":0,"menu_order":0,"comment_status":"closed","ping_status":"closed","template":"","meta":{"_lmt_disableupdate":"no","_lmt_disable":"","footnotes":""},"tags":[],"class_list":["post-229","page","type-page","status-publish","hentry"],"yoast_head":"<!-- This site is optimized with the Yoast SEO plugin v27.3 - https:\/\/yoast.com\/product\/yoast-seo-wordpress\/ -->\n<title>Clinic Services - Alleghany Health District<\/title>\n<meta name=\"robots\" content=\"index, follow, max-snippet:-1, max-image-preview:large, max-video-preview:-1\" \/>\n<link rel=\"canonical\" href=\"https:\/\/www.vdh.virginia.gov\/alleghany\/clinic-services\/\" \/>\n<meta property=\"og:locale\" content=\"en_US\" \/>\n<meta property=\"og:type\" content=\"article\" \/>\n<meta property=\"og:title\" content=\"Clinic Services - Alleghany Health District\" \/>\n<meta property=\"og:description\" content=\"Family Planning\u00a0|\u00a0Immunizations |\u00a0Newcomer Health (Refugee) Program Sexually Transmitted Infections\u00a0| Tuberculosis Management |\u00a0Servicios de Traducci\u00f3n Family Planning HTML Button Generator Click Here to find family planning clinics in your area. The Family Planning program provides individuals with the ability to decide if they want to have children and if so, how many and how far apart [&hellip;]\" \/>\n<meta property=\"og:url\" content=\"https:\/\/www.vdh.virginia.gov\/alleghany\/clinic-services\/\" \/>\n<meta property=\"og:site_name\" content=\"Alleghany Health District\" \/>\n<meta property=\"article:modified_time\" content=\"2026-02-19T14:55:53+00:00\" \/>\n<meta property=\"og:image\" content=\"https:\/\/www.vdh.virginia.gov\/content\/uploads\/sites\/79\/Vax-Girl-flex-488x326-1.png\" \/>\n\t<meta property=\"og:image:width\" content=\"488\" \/>\n\t<meta property=\"og:image:height\" content=\"326\" \/>\n\t<meta property=\"og:image:type\" content=\"image\/png\" \/>\n<meta name=\"twitter:card\" content=\"summary_large_image\" \/>\n<meta name=\"twitter:label1\" content=\"Est. reading time\" \/>\n\t<meta name=\"twitter:data1\" content=\"3 minutes\" \/>\n<script type=\"application\/ld+json\" class=\"yoast-schema-graph\">{\"@context\":\"https:\\\/\\\/schema.org\",\"@graph\":[{\"@type\":\"WebPage\",\"@id\":\"https:\\\/\\\/www.vdh.virginia.gov\\\/alleghany\\\/clinic-services\\\/\",\"url\":\"https:\\\/\\\/www.vdh.virginia.gov\\\/alleghany\\\/clinic-services\\\/\",\"name\":\"Clinic Services - Alleghany Health District\",\"isPartOf\":{\"@id\":\"https:\\\/\\\/www.vdh.virginia.gov\\\/alleghany\\\/#website\"},\"primaryImageOfPage\":{\"@id\":\"https:\\\/\\\/www.vdh.virginia.gov\\\/alleghany\\\/clinic-services\\\/#primaryimage\"},\"image\":{\"@id\":\"https:\\\/\\\/www.vdh.virginia.gov\\\/alleghany\\\/clinic-services\\\/#primaryimage\"},\"thumbnailUrl\":\"https:\\\/\\\/www.vdh.virginia.gov\\\/content\\\/uploads\\\/sites\\\/79\\\/Vax-Girl-flex-488x326-1-300x200.png\",\"datePublished\":\"2018-03-05T21:06:40+00:00\",\"dateModified\":\"2026-02-19T14:55:53+00:00\",\"breadcrumb\":{\"@id\":\"https:\\\/\\\/www.vdh.virginia.gov\\\/alleghany\\\/clinic-services\\\/#breadcrumb\"},\"inLanguage\":\"en-US\",\"potentialAction\":[{\"@type\":\"ReadAction\",\"target\":[\"https:\\\/\\\/www.vdh.virginia.gov\\\/alleghany\\\/clinic-services\\\/\"]}]},{\"@type\":\"ImageObject\",\"inLanguage\":\"en-US\",\"@id\":\"https:\\\/\\\/www.vdh.virginia.gov\\\/alleghany\\\/clinic-services\\\/#primaryimage\",\"url\":\"https:\\\/\\\/www.vdh.virginia.gov\\\/content\\\/uploads\\\/sites\\\/79\\\/Vax-Girl-flex-488x326-1-300x200.png\",\"contentUrl\":\"https:\\\/\\\/www.vdh.virginia.gov\\\/content\\\/uploads\\\/sites\\\/79\\\/Vax-Girl-flex-488x326-1-300x200.png\"},{\"@type\":\"BreadcrumbList\",\"@id\":\"https:\\\/\\\/www.vdh.virginia.gov\\\/alleghany\\\/clinic-services\\\/#breadcrumb\",\"itemListElement\":[{\"@type\":\"ListItem\",\"position\":1,\"name\":\"Home\",\"item\":\"https:\\\/\\\/www.vdh.virginia.gov\\\/alleghany\\\/\"},{\"@type\":\"ListItem\",\"position\":2,\"name\":\"Clinic Services\"}]},{\"@type\":\"WebSite\",\"@id\":\"https:\\\/\\\/www.vdh.virginia.gov\\\/alleghany\\\/#website\",\"url\":\"https:\\\/\\\/www.vdh.virginia.gov\\\/alleghany\\\/\",\"name\":\"Alleghany Health District\",\"description\":\"\",\"potentialAction\":[{\"@type\":\"SearchAction\",\"target\":{\"@type\":\"EntryPoint\",\"urlTemplate\":\"https:\\\/\\\/www.vdh.virginia.gov\\\/alleghany\\\/?s={search_term_string}\"},\"query-input\":{\"@type\":\"PropertyValueSpecification\",\"valueRequired\":true,\"valueName\":\"search_term_string\"}}],\"inLanguage\":\"en-US\"}]}<\/script>\n<!-- \/ Yoast SEO plugin. -->","yoast_head_json":{"title":"Clinic Services - Alleghany Health District","robots":{"index":"index","follow":"follow","max-snippet":"max-snippet:-1","max-image-preview":"max-image-preview:large","max-video-preview":"max-video-preview:-1"},"canonical":"https:\/\/www.vdh.virginia.gov\/alleghany\/clinic-services\/","og_locale":"en_US","og_type":"article","og_title":"Clinic Services - Alleghany Health District","og_description":"Family Planning\u00a0|\u00a0Immunizations |\u00a0Newcomer Health (Refugee) Program Sexually Transmitted Infections\u00a0| Tuberculosis Management |\u00a0Servicios de Traducci\u00f3n Family Planning HTML Button Generator Click Here to find family planning clinics in your area. The Family Planning program provides individuals with the ability to decide if they want to have children and if so, how many and how far apart [&hellip;]","og_url":"https:\/\/www.vdh.virginia.gov\/alleghany\/clinic-services\/","og_site_name":"Alleghany Health District","article_modified_time":"2026-02-19T14:55:53+00:00","og_image":[{"width":488,"height":326,"url":"https:\/\/www.vdh.virginia.gov\/content\/uploads\/sites\/79\/Vax-Girl-flex-488x326-1.png","type":"image\/png"}],"twitter_card":"summary_large_image","twitter_misc":{"Est. reading time":"3 minutes"},"schema":{"@context":"https:\/\/schema.org","@graph":[{"@type":"WebPage","@id":"https:\/\/www.vdh.virginia.gov\/alleghany\/clinic-services\/","url":"https:\/\/www.vdh.virginia.gov\/alleghany\/clinic-services\/","name":"Clinic Services - Alleghany Health District","isPartOf":{"@id":"https:\/\/www.vdh.virginia.gov\/alleghany\/#website"},"primaryImageOfPage":{"@id":"https:\/\/www.vdh.virginia.gov\/alleghany\/clinic-services\/#primaryimage"},"image":{"@id":"https:\/\/www.vdh.virginia.gov\/alleghany\/clinic-services\/#primaryimage"},"thumbnailUrl":"https:\/\/www.vdh.virginia.gov\/content\/uploads\/sites\/79\/Vax-Girl-flex-488x326-1-300x200.png","datePublished":"2018-03-05T21:06:40+00:00","dateModified":"2026-02-19T14:55:53+00:00","breadcrumb":{"@id":"https:\/\/www.vdh.virginia.gov\/alleghany\/clinic-services\/#breadcrumb"},"inLanguage":"en-US","potentialAction":[{"@type":"ReadAction","target":["https:\/\/www.vdh.virginia.gov\/alleghany\/clinic-services\/"]}]},{"@type":"ImageObject","inLanguage":"en-US","@id":"https:\/\/www.vdh.virginia.gov\/alleghany\/clinic-services\/#primaryimage","url":"https:\/\/www.vdh.virginia.gov\/content\/uploads\/sites\/79\/Vax-Girl-flex-488x326-1-300x200.png","contentUrl":"https:\/\/www.vdh.virginia.gov\/content\/uploads\/sites\/79\/Vax-Girl-flex-488x326-1-300x200.png"},{"@type":"BreadcrumbList","@id":"https:\/\/www.vdh.virginia.gov\/alleghany\/clinic-services\/#breadcrumb","itemListElement":[{"@type":"ListItem","position":1,"name":"Home","item":"https:\/\/www.vdh.virginia.gov\/alleghany\/"},{"@type":"ListItem","position":2,"name":"Clinic Services"}]},{"@type":"WebSite","@id":"https:\/\/www.vdh.virginia.gov\/alleghany\/#website","url":"https:\/\/www.vdh.virginia.gov\/alleghany\/","name":"Alleghany Health District","description":"","potentialAction":[{"@type":"SearchAction","target":{"@type":"EntryPoint","urlTemplate":"https:\/\/www.vdh.virginia.gov\/alleghany\/?s={search_term_string}"},"query-input":{"@type":"PropertyValueSpecification","valueRequired":true,"valueName":"search_term_string"}}],"inLanguage":"en-US"}]}},"_links":{"self":[{"href":"https:\/\/www.vdh.virginia.gov\/alleghany\/wp-json\/wp\/v2\/pages\/229","targetHints":{"allow":["GET"]}}],"collection":[{"href":"https:\/\/www.vdh.virginia.gov\/alleghany\/wp-json\/wp\/v2\/pages"}],"about":[{"href":"https:\/\/www.vdh.virginia.gov\/alleghany\/wp-json\/wp\/v2\/types\/page"}],"author":[{"embeddable":true,"href":"https:\/\/www.vdh.virginia.gov\/alleghany\/wp-json\/wp\/v2\/users\/502"}],"replies":[{"embeddable":true,"href":"https:\/\/www.vdh.virginia.gov\/alleghany\/wp-json\/wp\/v2\/comments?post=229"}],"version-history":[{"count":20,"href":"https:\/\/www.vdh.virginia.gov\/alleghany\/wp-json\/wp\/v2\/pages\/229\/revisions"}],"predecessor-version":[{"id":2137,"href":"https:\/\/www.vdh.virginia.gov\/alleghany\/wp-json\/wp\/v2\/pages\/229\/revisions\/2137"}],"wp:attachment":[{"href":"https:\/\/www.vdh.virginia.gov\/alleghany\/wp-json\/wp\/v2\/media?parent=229"}],"wp:term":[{"taxonomy":"post_tag","embeddable":true,"href":"https:\/\/www.vdh.virginia.gov\/alleghany\/wp-json\/wp\/v2\/tags?post=229"}],"curies":[{"name":"wp","href":"https:\/\/api.w.org\/{rel}","templated":true}]}}